{"id":143,"date":"2023-12-02T16:36:34","date_gmt":"2023-12-02T15:36:34","guid":{"rendered":"https:\/\/rudasrend.hu\/?page_id=143"},"modified":"2023-12-02T16:36:34","modified_gmt":"2023-12-02T15:36:34","slug":"2023-12-01","status":"publish","type":"page","link":"https:\/\/rudasrend.hu\/?page_id=143","title":{"rendered":"2023.12.01."},"content":{"rendered":"\r\n<p>Mivel 2023-ban Ferenc nap vas\u00e1rnapra esik, a Rudas-rend tagjai a M\u0171k\u00f6d\u00e9si Szab\u00e1lyzatnak megfelel\u0151en december elsej\u00e9n tal\u00e1lkoztak a Groupama<br \/>Ar\u00e9n\u00e1ban, azon a helyen, ahol a jelenlegi stadion el\u0151d l\u00e9tes\u00edtm\u00e9ny\u00e9ben<br \/>a rend n\u00e9vad\u00f3ja, Rudas Ferenc a legnagyobb sikereit \u00e9rte el. A<br \/>helysz\u00ednv\u00e1laszt\u00e1st indokolta az is, hogy a Groupama Ar\u00e9na 2014.<br \/>augusztus 10-i megnyit\u00f3j\u00e1n, a Chelsea elleni meccsen, Feri b\u00e1csi<br \/>v\u00e9gezte el a kezd\u0151r\u00fag\u00e1st.<\/p>\r\n<p>Sajnos, betegs\u00e9gek \u00e9s a rossz id\u0151j\u00e1r\u00e1s miatt a huszonh\u00e1rom tag k\u00f6z\u00fcl<br \/>csak t\u00edzen tudtak megjelenni az \u00f6sszej\u00f6vetelen. \u0150k a Rudas Ferencr\u0151l<br \/>elnevezett sky-boxn\u00e1l vir\u00e1got helyeztek el, \u00e9s sok-sok r\u00e9gi esem\u00e9ny<br \/>felid\u00e9z\u00e9s\u00e9vel eml\u00e9keztek meg Feri b\u00e1csir\u00f3l.<\/p>\r\n<p><img loading=\"lazy\" decoding=\"async\" class=\"alignnone size-medium wp-image-145\" src=\"http:\/\/rudasrend.hu\/wp-content\/uploads\/2023\/12\/20231201_165517-157x300.jpg\" alt=\"\" width=\"157\" height=\"300\" srcset=\"https:\/\/rudasrend.hu\/wp-content\/uploads\/2023\/12\/20231201_165517-157x300.jpg 157w, https:\/\/rudasrend.hu\/wp-content\/uploads\/2023\/12\/20231201_165517-536x1024.jpg 536w, https:\/\/rudasrend.hu\/wp-content\/uploads\/2023\/12\/20231201_165517-768x1468.jpg 768w, https:\/\/rudasrend.hu\/wp-content\/uploads\/2023\/12\/20231201_165517-804x1536.jpg 804w, https:\/\/rudasrend.hu\/wp-content\/uploads\/2023\/12\/20231201_165517-1071x2048.jpg 1071w, https:\/\/rudasrend.hu\/wp-content\/uploads\/2023\/12\/20231201_165517-scaled.jpg 1339w\" sizes=\"auto, (max-width: 157px) 100vw, 157px\" \/> <img loading=\"lazy\" decoding=\"async\" class=\"alignnone size-medium wp-image-146\" src=\"http:\/\/rudasrend.hu\/wp-content\/uploads\/2023\/12\/20231201_162504-253x300.jpg\" alt=\"\" width=\"253\" height=\"300\" srcset=\"https:\/\/rudasrend.hu\/wp-content\/uploads\/2023\/12\/20231201_162504-253x300.jpg 253w, https:\/\/rudasrend.hu\/wp-content\/uploads\/2023\/12\/20231201_162504-863x1024.jpg 863w, https:\/\/rudasrend.hu\/wp-content\/uploads\/2023\/12\/20231201_162504-768x911.jpg 768w, https:\/\/rudasrend.hu\/wp-content\/uploads\/2023\/12\/20231201_162504-1295x1536.jpg 1295w, https:\/\/rudasrend.hu\/wp-content\/uploads\/2023\/12\/20231201_162504.jpg 1500w\" sizes=\"auto, (max-width: 253px) 100vw, 253px\" \/><\/p>\r\n<p>Ezt k\u00f6vet\u0151en az FTC-MVM N\u00e9pligeti Sportk\u00f6zpont Liget \u00c9tterm\u00e9ben<br \/>folytatt\u00e1k a j\u00f3 hangulat\u00fa tal\u00e1lkoz\u00f3t, \u00e9s \u00e9lvezt\u00e9k a kit\u0171n\u0151 konyha<br \/>v\u00e1laszt\u00e9k\u00e1t. Term\u00e9szetesen sok sz\u00f3 esett az el\u0151z\u0151 napi Csukaricski<br \/>elleni gy\u0151zelemr\u0151l is, amelynek mindannyian nagyon \u00f6r\u00fcltek, s<br \/>meg\u00e1llap\u00edtott\u00e1k, hogy n\u00e9h\u00e1ny \u00e9v m\u00falva m\u00e1r senki sem fogja azt<br \/>emlegetni, hogy milyen gyenge j\u00e1t\u00e9kkal \u00e9rte el a csapat ezt a fontos<br \/>eredm\u00e9nyt.<\/p>\r\n<p><img loading=\"lazy\" decoding=\"async\" class=\"alignnone wp-image-144\" src=\"http:\/\/rudasrend.hu\/wp-content\/uploads\/2023\/12\/20231201_173044-185x300.jpg\" alt=\"\" width=\"370\" height=\"601\" srcset=\"https:\/\/rudasrend.hu\/wp-content\/uploads\/2023\/12\/20231201_173044-185x300.jpg 185w, https:\/\/rudasrend.hu\/wp-content\/uploads\/2023\/12\/20231201_173044-631x1024.jpg 631w, https:\/\/rudasrend.hu\/wp-content\/uploads\/2023\/12\/20231201_173044-768x1247.jpg 768w, https:\/\/rudasrend.hu\/wp-content\/uploads\/2023\/12\/20231201_173044-946x1536.jpg 946w, https:\/\/rudasrend.hu\/wp-content\/uploads\/2023\/12\/20231201_173044-1261x2048.jpg 1261w, https:\/\/rudasrend.hu\/wp-content\/uploads\/2023\/12\/20231201_173044-scaled.jpg 1577w\" sizes=\"auto, (max-width: 370px) 100vw, 370px\" \/><\/p>\r\n","protected":false},"excerpt":{"rendered":"<p>Mivel 2023-ban Ferenc nap vas\u00e1rnapra esik, a Rudas-rend tagjai a M\u0171k\u00f6d\u00e9si Szab\u00e1lyzatnak megfelel\u0151en december elsej\u00e9n tal\u00e1lkoztak a GroupamaAr\u00e9n\u00e1ban, azon a helyen, ahol a jelenlegi stadion el\u0151d l\u00e9tes\u00edtm\u00e9ny\u00e9bena rend n\u00e9vad\u00f3ja, Rudas Ferenc a legnagyobb sikereit \u00e9rte el. Ahelysz\u00ednv\u00e1laszt\u00e1st indokolta az is, &hellip; <a href=\"https:\/\/rudasrend.hu\/?page_id=143\">Egy kattint\u00e1s ide a folytat\u00e1shoz&#8230;. <span class=\"meta-nav\">&rarr;<\/span><\/a><\/p>\n","protected":false},"author":1,"featured_media":0,"parent":72,"menu_order":9,"comment_status":"closed","ping_status":"closed","template":"","meta":{"_monsterinsights_skip_tracking":false,"_monsterinsights_sitenote_active":false,"_monsterinsights_sitenote_note":"","_monsterinsights_sitenote_category":0,"footnotes":""},"class_list":["post-143","page","type-page","status-publish","hentry"],"yoast_head":"<!-- This site is optimized with the Yoast SEO plugin v26.7 - https:\/\/yoast.com\/wordpress\/plugins\/seo\/ -->\n<title>2023.12.01. - Rudas-rend<\/title>\n<meta name=\"robots\" content=\"index, follow, max-snippet:-1, max-image-preview:large, max-video-preview:-1\" \/>\n<link rel=\"canonical\" href=\"https:\/\/rudasrend.hu\/?page_id=143\" \/>\n<meta property=\"og:locale\" content=\"hu_HU\" \/>\n<meta property=\"og:type\" content=\"article\" \/>\n<meta property=\"og:title\" content=\"2023.12.01. - Rudas-rend\" \/>\n<meta property=\"og:description\" content=\"Mivel 2023-ban Ferenc nap vas\u00e1rnapra esik, a Rudas-rend tagjai a M\u0171k\u00f6d\u00e9si Szab\u00e1lyzatnak megfelel\u0151en december elsej\u00e9n tal\u00e1lkoztak a GroupamaAr\u00e9n\u00e1ban, azon a helyen, ahol a jelenlegi stadion el\u0151d l\u00e9tes\u00edtm\u00e9ny\u00e9bena rend n\u00e9vad\u00f3ja, Rudas Ferenc a legnagyobb sikereit \u00e9rte el. Ahelysz\u00ednv\u00e1laszt\u00e1st indokolta az is, &hellip; Egy kattint\u00e1s ide a folytat\u00e1shoz.... &rarr;\" \/>\n<meta property=\"og:url\" content=\"https:\/\/rudasrend.hu\/?page_id=143\" \/>\n<meta property=\"og:site_name\" content=\"Rudas-rend\" \/>\n<meta property=\"og:image\" content=\"http:\/\/rudasrend.hu\/wp-content\/uploads\/2023\/12\/20231201_165517-157x300.jpg\" \/>\n<meta name=\"twitter:card\" content=\"summary_large_image\" \/>\n<meta name=\"twitter:label1\" content=\"Becs\u00fclt olvas\u00e1si id\u0151\" \/>\n\t<meta name=\"twitter:data1\" content=\"2 perc\" \/>\n<script type=\"application\/ld+json\" class=\"yoast-schema-graph\">{\"@context\":\"https:\/\/schema.org\",\"@graph\":[{\"@type\":\"WebPage\",\"@id\":\"https:\/\/rudasrend.hu\/?page_id=143\",\"url\":\"https:\/\/rudasrend.hu\/?page_id=143\",\"name\":\"2023.12.01. - Rudas-rend\",\"isPartOf\":{\"@id\":\"https:\/\/rudasrend.hu\/#website\"},\"primaryImageOfPage\":{\"@id\":\"https:\/\/rudasrend.hu\/?page_id=143#primaryimage\"},\"image\":{\"@id\":\"https:\/\/rudasrend.hu\/?page_id=143#primaryimage\"},\"thumbnailUrl\":\"http:\/\/rudasrend.hu\/wp-content\/uploads\/2023\/12\/20231201_165517-157x300.jpg\",\"datePublished\":\"2023-12-02T15:36:34+00:00\",\"breadcrumb\":{\"@id\":\"https:\/\/rudasrend.hu\/?page_id=143#breadcrumb\"},\"inLanguage\":\"hu\",\"potentialAction\":[{\"@type\":\"ReadAction\",\"target\":[\"https:\/\/rudasrend.hu\/?page_id=143\"]}]},{\"@type\":\"ImageObject\",\"inLanguage\":\"hu\",\"@id\":\"https:\/\/rudasrend.hu\/?page_id=143#primaryimage\",\"url\":\"http:\/\/rudasrend.hu\/wp-content\/uploads\/2023\/12\/20231201_165517-157x300.jpg\",\"contentUrl\":\"http:\/\/rudasrend.hu\/wp-content\/uploads\/2023\/12\/20231201_165517-157x300.jpg\"},{\"@type\":\"BreadcrumbList\",\"@id\":\"https:\/\/rudasrend.hu\/?page_id=143#breadcrumb\",\"itemListElement\":[{\"@type\":\"ListItem\",\"position\":1,\"name\":\"Home\",\"item\":\"https:\/\/rudasrend.hu\/\"},{\"@type\":\"ListItem\",\"position\":2,\"name\":\"Tal\u00e1lkoz\u00f3k\",\"item\":\"https:\/\/rudasrend.hu\/?page_id=72\"},{\"@type\":\"ListItem\",\"position\":3,\"name\":\"2023.12.01.\"}]},{\"@type\":\"WebSite\",\"@id\":\"https:\/\/rudasrend.hu\/#website\",\"url\":\"https:\/\/rudasrend.hu\/\",\"name\":\"Rudas-rend\",\"description\":\"\",\"potentialAction\":[{\"@type\":\"SearchAction\",\"target\":{\"@type\":\"EntryPoint\",\"urlTemplate\":\"https:\/\/rudasrend.hu\/?s={search_term_string}\"},\"query-input\":{\"@type\":\"PropertyValueSpecification\",\"valueRequired\":true,\"valueName\":\"search_term_string\"}}],\"inLanguage\":\"hu\"}]}<\/script>\n<!-- \/ Yoast SEO plugin. -->","yoast_head_json":{"title":"2023.12.01. - Rudas-rend","robots":{"index":"index","follow":"follow","max-snippet":"max-snippet:-1","max-image-preview":"max-image-preview:large","max-video-preview":"max-video-preview:-1"},"canonical":"https:\/\/rudasrend.hu\/?page_id=143","og_locale":"hu_HU","og_type":"article","og_title":"2023.12.01. - Rudas-rend","og_description":"Mivel 2023-ban Ferenc nap vas\u00e1rnapra esik, a Rudas-rend tagjai a M\u0171k\u00f6d\u00e9si Szab\u00e1lyzatnak megfelel\u0151en december elsej\u00e9n tal\u00e1lkoztak a GroupamaAr\u00e9n\u00e1ban, azon a helyen, ahol a jelenlegi stadion el\u0151d l\u00e9tes\u00edtm\u00e9ny\u00e9bena rend n\u00e9vad\u00f3ja, Rudas Ferenc a legnagyobb sikereit \u00e9rte el. Ahelysz\u00ednv\u00e1laszt\u00e1st indokolta az is, &hellip; Egy kattint\u00e1s ide a folytat\u00e1shoz.... &rarr;","og_url":"https:\/\/rudasrend.hu\/?page_id=143","og_site_name":"Rudas-rend","og_image":[{"url":"http:\/\/rudasrend.hu\/wp-content\/uploads\/2023\/12\/20231201_165517-157x300.jpg","type":"","width":"","height":""}],"twitter_card":"summary_large_image","twitter_misc":{"Becs\u00fclt olvas\u00e1si id\u0151":"2 perc"},"schema":{"@context":"https:\/\/schema.org","@graph":[{"@type":"WebPage","@id":"https:\/\/rudasrend.hu\/?page_id=143","url":"https:\/\/rudasrend.hu\/?page_id=143","name":"2023.12.01. - Rudas-rend","isPartOf":{"@id":"https:\/\/rudasrend.hu\/#website"},"primaryImageOfPage":{"@id":"https:\/\/rudasrend.hu\/?page_id=143#primaryimage"},"image":{"@id":"https:\/\/rudasrend.hu\/?page_id=143#primaryimage"},"thumbnailUrl":"http:\/\/rudasrend.hu\/wp-content\/uploads\/2023\/12\/20231201_165517-157x300.jpg","datePublished":"2023-12-02T15:36:34+00:00","breadcrumb":{"@id":"https:\/\/rudasrend.hu\/?page_id=143#breadcrumb"},"inLanguage":"hu","potentialAction":[{"@type":"ReadAction","target":["https:\/\/rudasrend.hu\/?page_id=143"]}]},{"@type":"ImageObject","inLanguage":"hu","@id":"https:\/\/rudasrend.hu\/?page_id=143#primaryimage","url":"http:\/\/rudasrend.hu\/wp-content\/uploads\/2023\/12\/20231201_165517-157x300.jpg","contentUrl":"http:\/\/rudasrend.hu\/wp-content\/uploads\/2023\/12\/20231201_165517-157x300.jpg"},{"@type":"BreadcrumbList","@id":"https:\/\/rudasrend.hu\/?page_id=143#breadcrumb","itemListElement":[{"@type":"ListItem","position":1,"name":"Home","item":"https:\/\/rudasrend.hu\/"},{"@type":"ListItem","position":2,"name":"Tal\u00e1lkoz\u00f3k","item":"https:\/\/rudasrend.hu\/?page_id=72"},{"@type":"ListItem","position":3,"name":"2023.12.01."}]},{"@type":"WebSite","@id":"https:\/\/rudasrend.hu\/#website","url":"https:\/\/rudasrend.hu\/","name":"Rudas-rend","description":"","potentialAction":[{"@type":"SearchAction","target":{"@type":"EntryPoint","urlTemplate":"https:\/\/rudasrend.hu\/?s={search_term_string}"},"query-input":{"@type":"PropertyValueSpecification","valueRequired":true,"valueName":"search_term_string"}}],"inLanguage":"hu"}]}},"_links":{"self":[{"href":"https:\/\/rudasrend.hu\/index.php?rest_route=\/wp\/v2\/pages\/143","targetHints":{"allow":["GET"]}}],"collection":[{"href":"https:\/\/rudasrend.hu\/index.php?rest_route=\/wp\/v2\/pages"}],"about":[{"href":"https:\/\/rudasrend.hu\/index.php?rest_route=\/wp\/v2\/types\/page"}],"author":[{"embeddable":true,"href":"https:\/\/rudasrend.hu\/index.php?rest_route=\/wp\/v2\/users\/1"}],"replies":[{"embeddable":true,"href":"https:\/\/rudasrend.hu\/index.php?rest_route=%2Fwp%2Fv2%2Fcomments&post=143"}],"version-history":[{"count":1,"href":"https:\/\/rudasrend.hu\/index.php?rest_route=\/wp\/v2\/pages\/143\/revisions"}],"predecessor-version":[{"id":147,"href":"https:\/\/rudasrend.hu\/index.php?rest_route=\/wp\/v2\/pages\/143\/revisions\/147"}],"up":[{"embeddable":true,"href":"https:\/\/rudasrend.hu\/index.php?rest_route=\/wp\/v2\/pages\/72"}],"wp:attachment":[{"href":"https:\/\/rudasrend.hu\/index.php?rest_route=%2Fwp%2Fv2%2Fmedia&parent=143"}],"curies":[{"name":"wp","href":"https:\/\/api.w.org\/{rel}","templated":true}]}}

<p>Mivel 2023-ban Ferenc nap vasárnapra esik, a Rudas-rend tagjai a Működési Szabályzatnak megfelelően december elsején találkoztak a Groupama<br />Arénában, azon a helyen, ahol a jelenlegi stadion előd létesítményében<br />a rend névadója, Rudas Ferenc a legnagyobb sikereit érte el. A<br />helyszínválasztást indokolta az is, hogy a Groupama Aréna 2014.<br />augusztus 10-i megnyitóján, a Chelsea elleni meccsen, Feri bácsi<br />végezte el a kezdőrúgást.</p>
<p>Sajnos, betegségek és a rossz időjárás miatt a huszonhárom tag közül<br />csak tízen tudtak megjelenni az összejövetelen. Ők a Rudas Ferencről<br />elnevezett sky-boxnál virágot helyeztek el, és sok-sok régi esemény<br />felidézésével emlékeztek meg Feri bácsiról.</p>
<p><img loading="lazy" decoding="async" class="alignnone size-medium wp-image-145" src="http://rudasrend.hu/wp-content/uploads/2023/12/20231201_165517-157x300.jpg" alt="" width="157" height="300" srcset="https://rudasrend.hu/wp-content/uploads/2023/12/20231201_165517-157x300.jpg 157w, https://rudasrend.hu/wp-content/uploads/2023/12/20231201_165517-536x1024.jpg 536w, https://rudasrend.hu/wp-content/uploads/2023/12/20231201_165517-768x1468.jpg 768w, https://rudasrend.hu/wp-content/uploads/2023/12/20231201_165517-804x1536.jpg 804w, https://rudasrend.hu/wp-content/uploads/2023/12/20231201_165517-1071x2048.jpg 1071w, https://rudasrend.hu/wp-content/uploads/2023/12/20231201_165517-scaled.jpg 1339w" sizes="auto, (max-width: 157px) 100vw, 157px" /> <img loading="lazy" decoding="async" class="alignnone size-medium wp-image-146" src="http://rudasrend.hu/wp-content/uploads/2023/12/20231201_162504-253x300.jpg" alt="" width="253" height="300" srcset="https://rudasrend.hu/wp-content/uploads/2023/12/20231201_162504-253x300.jpg 253w, https://rudasrend.hu/wp-content/uploads/2023/12/20231201_162504-863x1024.jpg 863w, https://rudasrend.hu/wp-content/uploads/2023/12/20231201_162504-768x911.jpg 768w, https://rudasrend.hu/wp-content/uploads/2023/12/20231201_162504-1295x1536.jpg 1295w, https://rudasrend.hu/wp-content/uploads/2023/12/20231201_162504.jpg 1500w" sizes="auto, (max-width: 253px) 100vw, 253px" /></p>
<p>Ezt követően az FTC-MVM Népligeti Sportközpont Liget Éttermében<br />folytatták a jó hangulatú találkozót, és élvezték a kitűnő konyha<br />választékát. Természetesen sok szó esett az előző napi Csukaricski<br />elleni győzelemről is, amelynek mindannyian nagyon örültek, s<br />megállapították, hogy néhány év múlva már senki sem fogja azt<br />emlegetni, hogy milyen gyenge játékkal érte el a csapat ezt a fontos<br />eredményt.</p>
<p><img loading="lazy" decoding="async" class="alignnone wp-image-144" src="http://rudasrend.hu/wp-content/uploads/2023/12/20231201_173044-185x300.jpg" alt="" width="370" height="601" srcset="https://rudasrend.hu/wp-content/uploads/2023/12/20231201_173044-185x300.jpg 185w, https://rudasrend.hu/wp-content/uploads/2023/12/20231201_173044-631x1024.jpg 631w, https://rudasrend.hu/wp-content/uploads/2023/12/20231201_173044-768x1247.jpg 768w, https://rudasrend.hu/wp-content/uploads/2023/12/20231201_173044-946x1536.jpg 946w, https://rudasrend.hu/wp-content/uploads/2023/12/20231201_173044-1261x2048.jpg 1261w, https://rudasrend.hu/wp-content/uploads/2023/12/20231201_173044-scaled.jpg 1577w" sizes="auto, (max-width: 370px) 100vw, 370px" /></p>

<p>Mivel 2023-ban Ferenc nap vasárnapra esik, a Rudas-rend tagjai a Működési Szabályzatnak megfelelően december elsején találkoztak a GroupamaArénában, azon a helyen, ahol a jelenlegi stadion előd létesítményébena rend névadója, Rudas Ferenc a legnagyobb sikereit érte el. Ahelyszínválasztást indokolta az is, &hellip; <a href="https://rudasrend.hu/?page_id=143">Egy kattintás ide a folytatáshoz&#8230;. <span class="meta-nav">&rarr;</span></a></p>

<!-- This site is optimized with the Yoast SEO plugin v26.7 - https://yoast.com/wordpress/plugins/seo/ -->
<title>2023.12.01. - Rudas-rend</title>
<meta name="robots" content="index, follow, max-snippet:-1, max-image-preview:large, max-video-preview:-1" />
<link rel="canonical" href="https://rudasrend.hu/?page_id=143" />
<meta property="og:locale" content="hu_HU" />
<meta property="og:type" content="article" />
<meta property="og:title" content="2023.12.01. - Rudas-rend" />
<meta property="og:description" content="Mivel 2023-ban Ferenc nap vasárnapra esik, a Rudas-rend tagjai a Működési Szabályzatnak megfelelően december elsején találkoztak a GroupamaArénában, azon a helyen, ahol a jelenlegi stadion előd létesítményébena rend névadója, Rudas Ferenc a legnagyobb sikereit érte el. Ahelyszínválasztást indokolta az is, &hellip; Egy kattintás ide a folytatáshoz.... &rarr;" />
<meta property="og:url" content="https://rudasrend.hu/?page_id=143" />
<meta property="og:site_name" content="Rudas-rend" />
<meta property="og:image" content="http://rudasrend.hu/wp-content/uploads/2023/12/20231201_165517-157x300.jpg" />
<meta name="twitter:card" content="summary_large_image" />
<meta name="twitter:label1" content="Becsült olvasási idő" />
	<meta name="twitter:data1" content="2 perc" />
<script type="application/ld+json" class="yoast-schema-graph">{"@context":"https://schema.org","@graph":[{"@type":"WebPage","@id":"https://rudasrend.hu/?page_id=143","url":"https://rudasrend.hu/?page_id=143","name":"2023.12.01. - Rudas-rend","isPartOf":{"@id":"https://rudasrend.hu/#website"},"primaryImageOfPage":{"@id":"https://rudasrend.hu/?page_id=143#primaryimage"},"image":{"@id":"https://rudasrend.hu/?page_id=143#primaryimage"},"thumbnailUrl":"http://rudasrend.hu/wp-content/uploads/2023/12/20231201_165517-157x300.jpg","datePublished":"2023-12-02T15:36:34+00:00","breadcrumb":{"@id":"https://rudasrend.hu/?page_id=143#breadcrumb"},"inLanguage":"hu","potentialAction":[{"@type":"ReadAction","target":["https://rudasrend.hu/?page_id=143"]}]},{"@type":"ImageObject","inLanguage":"hu","@id":"https://rudasrend.hu/?page_id=143#primaryimage","url":"http://rudasrend.hu/wp-content/uploads/2023/12/20231201_165517-157x300.jpg","contentUrl":"http://rudasrend.hu/wp-content/uploads/2023/12/20231201_165517-157x300.jpg"},{"@type":"BreadcrumbList","@id":"https://rudasrend.hu/?page_id=143#breadcrumb","itemListElement":[{"@type":"ListItem","position":1,"name":"Home","item":"https://rudasrend.hu/"},{"@type":"ListItem","position":2,"name":"Találkozók","item":"https://rudasrend.hu/?page_id=72"},{"@type":"ListItem","position":3,"name":"2023.12.01."}]},{"@type":"WebSite","@id":"https://rudasrend.hu/#website","url":"https://rudasrend.hu/","name":"Rudas-rend","description":"","potentialAction":[{"@type":"SearchAction","target":{"@type":"EntryPoint","urlTemplate":"https://rudasrend.hu/?s={search_term_string}"},"query-input":{"@type":"PropertyValueSpecification","valueRequired":true,"valueName":"search_term_string"}}],"inLanguage":"hu"}]}</script>
<!-- / Yoast SEO plugin. -->

Mivel 2023-ban Ferenc nap vasárnapra esik, a Rudas-rend tagjai a Működési Szabályzatnak megfelelően december elsején találkoztak a GroupamaArénában, azon a helyen, ahol a jelenlegi stadion előd létesítményébena rend névadója, Rudas Ferenc a legnagyobb sikereit érte el. Ahelyszínválasztást indokolta az is, &hellip; Egy kattintás ide a folytatáshoz.... &rarr;

Találkozók
