{"id":68,"date":"2023-07-08T13:51:19","date_gmt":"2023-07-08T11:51:19","guid":{"rendered":"https:\/\/rudasrend.hu\/?page_id=68"},"modified":"2023-07-08T13:51:19","modified_gmt":"2023-07-08T11:51:19","slug":"az-alapitorol","status":"publish","type":"page","link":"https:\/\/rudasrend.hu\/?page_id=68","title":{"rendered":"Az alap\u00edt\u00f3r\u00f3l"},"content":{"rendered":"\n<figure class=\"wp-block-image size-full\"><img loading=\"lazy\" decoding=\"async\" width=\"650\" height=\"250\" src=\"https:\/\/rudasrend.hu\/wp-content\/uploads\/2023\/07\/image.png\" alt=\"\" class=\"wp-image-70\" srcset=\"https:\/\/rudasrend.hu\/wp-content\/uploads\/2023\/07\/image.png 650w, https:\/\/rudasrend.hu\/wp-content\/uploads\/2023\/07\/image-300x115.png 300w, https:\/\/rudasrend.hu\/wp-content\/uploads\/2023\/07\/image-500x192.png 500w\" sizes=\"auto, (max-width: 650px) 100vw, 650px\" \/><\/figure>\n\n\n\n<p><strong>Rudas Ferenc<\/strong>\u00a0emberi l\u00e9pt\u00e9kkel m\u00e9rve kiv\u00e9telesen hossz\u00fa, esem\u00e9nyekben, eredm\u00e9nyekben, sikerekben rendk\u00edv\u00fcl gazdag \u00e9letet \u00e9lt meg. Olyan \u00e9letet, amelyet 78 esztend\u0151n kereszt\u00fcl \u00e1tsz\u0151tt h\u00e1rom bet\u0171:\u00a0<strong>FTC<\/strong>, azaz\u00a0<strong>Ferencv\u00e1rosi Torna Club<\/strong>. 1938-ban, amikor az FTC labdar\u00fag\u00f3ja lett, sz\u00edv\u00e9be kit\u00f6r\u00f6lhetetlen\u00fcl bele\u00e9gett ennek a klubnak a felt\u00e9tel n\u00e9lk\u00fcli tisztelete \u00e9s szeretete. Megfogta \u0151t a klubot \u00e1titat\u00f3, jelmondatk\u00e9nt is m\u0171k\u00f6d\u0151 m\u00e1sik h\u00e1rom bet\u0171, az\u00a0<strong>EEE<\/strong>, azaz az\u00a0<strong>Erk\u00f6lcs, Er\u0151, Egyet\u00e9rt\u00e9s<\/strong>\u00a0szellemis\u00e9ge. Az a szellemis\u00e9g, amely egyes\u00fcleten bel\u00fcl \u00e9s k\u00edv\u00fcl egyar\u00e1nt k\u00f6z\u00f6ss\u00e9geket tud \u00e9ltetni, amely ap\u00e1r\u00f3l fi\u00fara tud sz\u00e1llni, amely t\u00f6bb\u00e9 teszi ezt az egyes\u00fcletet, mint egy egyszer\u0171 klubot, a <strong>KLUBB\u00c1<\/strong> teszi.<\/p>\n\n\n\n<p><strong>Rudas Ferenc<\/strong>&nbsp;j\u00f6tt, l\u00e1tott \u00e9s gy\u0151z\u00f6tt. Mint oly sokan el\u0151tte, majd kort\u00e1rsai \u00e9s az ut\u00e1na j\u00f6v\u0151k is, a maga szem\u00e9lyis\u00e9g\u00e9t adta a nagy eg\u00e9szhez, mi\u00e1ltal a nagy eg\u00e9sz m\u00e9g sz\u00ednesebb \u00e9s gazdagabb lett. M\u00e1r a kezdet kezdet\u00e9n l\u00e1tszott, hogy hihetetlen\u00fcl tehets\u00e9ges j\u00e1t\u00e9kos, aki igen nagy\u00edv\u0171 p\u00e1ly\u00e1t futhat be a Fradiban \u00e9s a magyar labdar\u00fag\u00e1sban. \u00c1m egy p\u00e1lya befut\u00e1sa nem t\u00f6rv\u00e9nyszer\u0171. H\u00e1ny ifj\u00fa futballist\u00e1r\u00f3l tudunk, akik eg\u00e9sz \u00e9let\u00fckben megmaradtak \u00edg\u00e9retnek.&nbsp;<strong>Rudas Ferenc<\/strong>&nbsp;tett is az\u00e9rt, hogy kamatoztassa tehets\u00e9g\u00e9t. Az eg\u00e9sz sportp\u00e1lyafut\u00e1s\u00e1ra jellemz\u0151 volt az al\u00e1zat. Ha edzett, akkor az edz\u00e9sen, ha j\u00e1tszott, akkor a m\u00e9rk\u0151z\u00e9sen mutatta meg, r\u00e1 mindig, minden k\u00f6r\u00fclm\u00e9nyek k\u00f6z\u00f6tt lehet sz\u00e1m\u00edtani. Mindig tette a maga dolg\u00e1t,&nbsp;<strong>hittel, becs\u00fclettel, \u0151szint\u00e9n<\/strong>. Nem v\u00e9letlen, hogy csapatkapit\u00e1ny lehetett. Csapatkapit\u00e1ny, akire feln\u00e9ztek, akit elismertek a t\u00e1rsai. Am\u00fagy, hozz\u00e1 hasonl\u00f3an vil\u00e1gklasszis t\u00e1rsai, t\u00e1n elegend\u0151 Budai, Kocsis, De\u00e1k, M\u00e9sz\u00e1ros, Czibor nev\u00e9t megeml\u00edteni. A negyvenes \u00e9vek m\u00e1sodik fel\u00e9ben&nbsp;<strong>Rudas Ferenc<\/strong>&nbsp;volt&nbsp;<strong>a jobbh\u00e1tv\u00e9d<\/strong>, akinek p\u00e1rja nem volt. Oszlopos tagja volt az alakul\u00f3 Aranycsapatnak, a v\u00e1logatotts\u00e1gban akkoriban el\u0151r\u00e9bb j\u00e1rt, mint Bozsik vagy \u00e9ppen Pusk\u00e1s. Mi minden m\u00e1sk\u00e9pp t\u00f6rt\u00e9nhetett volna a magyar labdar\u00fag\u00e1sban, ha nem j\u00f6n az a d\u00f6bbenetes reccsen\u00e9s, amely a szil\u00e1nkosra t\u00f6rt l\u00e1b sz\u00f6rny\u0171 hangja volt. Az a l\u00e1bt\u00f6r\u00e9s, amely lehet, genetikailag k\u00f3dolva volt, hiszen \u00e9desapja kor\u00e1bban k\u00eds\u00e9rtetiesen azonos m\u00f3don s\u00e9r\u00fclt meg. Lehet, a mai orvostudom\u00e1ny helyrehozta volna azt a l\u00e1bat, akkoriban ez nem siker\u00fclt,&nbsp;<strong>Rudas Ferenc<\/strong>&nbsp;p\u00e1lyafut\u00e1s\u00e1nak gyakorlatilag v\u00e9ge lett.<\/p>\n\n\n\n<p>Elkezd\u0151d\u00f6tt&nbsp;<strong>Rudas Ferenc<\/strong>&nbsp;\u00faj \u00e9lete, amely ugyancsak eredm\u00e9nyekben \u00e9s sikerekben gazdag volt. Mert ak\u00e1rcsak j\u00e1t\u00e9kosk\u00e9nt, b\u00e1rhova is vetette a sorsa, tette a dolg\u00e1t&nbsp;<strong>hittel, becs\u00fclettel, \u0151szint\u00e9n<\/strong>. Soha nem aj\u00e1nlotta mag\u00e1t, ha h\u00edvt\u00e1k ment \u00e9s seg\u00edtett. A Fradit soha nem hagyta el. Volt, hogy a Fradi Vend\u00e9gl\u0151t, volt, hogy az \u00f6regfi\u00fak csapatot vezette, 1997 \u00f3ta pedig az FTC Bar\u00e1ti K\u00f6rt, amelynek tev\u00e9keny, akt\u00edv eln\u00f6ke volt.<\/p>\n\n\n\n<p>\u00c9let\u00e9r\u0151l reg\u00e9nyt lehetne \u00edrni, abb\u00f3l nem is egy k\u00f6nyv sz\u00fcletett is m\u00e1r. Aj\u00e1nljuk a fiatalabb nemzed\u00e9knek, vegye kez\u00e9be ezen k\u00f6nyveket, olvassa el\u00a0<strong>Rudas Ferenc<\/strong>\u00a0gondolatait, sokat lehet bel\u0151l\u00fck tanulni. Att\u00f3l az embert\u0151l, aki eg\u00e9sz \u00e9let\u00e9t a Fradiban \u00e9lte, rengeteget tett a Fradi\u00e9rt.<\/p>\n","protected":false},"excerpt":{"rendered":"<p>Rudas Ferenc\u00a0emberi l\u00e9pt\u00e9kkel m\u00e9rve kiv\u00e9telesen hossz\u00fa, esem\u00e9nyekben, eredm\u00e9nyekben, sikerekben rendk\u00edv\u00fcl gazdag \u00e9letet \u00e9lt meg. Olyan \u00e9letet, amelyet 78 esztend\u0151n kereszt\u00fcl \u00e1tsz\u0151tt h\u00e1rom bet\u0171:\u00a0FTC, azaz\u00a0Ferencv\u00e1rosi Torna Club. 1938-ban, amikor az FTC labdar\u00fag\u00f3ja lett, sz\u00edv\u00e9be kit\u00f6r\u00f6lhetetlen\u00fcl bele\u00e9gett ennek a klubnak a felt\u00e9tel &hellip; <a href=\"https:\/\/rudasrend.hu\/?page_id=68\">Egy kattint\u00e1s ide a folytat\u00e1shoz&#8230;. <span class=\"meta-nav\">&rarr;<\/span><\/a><\/p>\n","protected":false},"author":1,"featured_media":0,"parent":0,"menu_order":0,"comment_status":"closed","ping_status":"closed","template":"","meta":{"_monsterinsights_skip_tracking":false,"_monsterinsights_sitenote_active":false,"_monsterinsights_sitenote_note":"","_monsterinsights_sitenote_category":0,"footnotes":""},"class_list":["post-68","page","type-page","status-publish","hentry"],"yoast_head":"<!-- This site is optimized with the Yoast SEO plugin v26.7 - https:\/\/yoast.com\/wordpress\/plugins\/seo\/ -->\n<title>Az alap\u00edt\u00f3r\u00f3l - Rudas-rend<\/title>\n<meta name=\"robots\" content=\"index, follow, max-snippet:-1, max-image-preview:large, max-video-preview:-1\" \/>\n<link rel=\"canonical\" href=\"https:\/\/rudasrend.hu\/?page_id=68\" \/>\n<meta property=\"og:locale\" content=\"hu_HU\" \/>\n<meta property=\"og:type\" content=\"article\" \/>\n<meta property=\"og:title\" content=\"Az alap\u00edt\u00f3r\u00f3l - Rudas-rend\" \/>\n<meta property=\"og:description\" content=\"Rudas Ferenc\u00a0emberi l\u00e9pt\u00e9kkel m\u00e9rve kiv\u00e9telesen hossz\u00fa, esem\u00e9nyekben, eredm\u00e9nyekben, sikerekben rendk\u00edv\u00fcl gazdag \u00e9letet \u00e9lt meg. Olyan \u00e9letet, amelyet 78 esztend\u0151n kereszt\u00fcl \u00e1tsz\u0151tt h\u00e1rom bet\u0171:\u00a0FTC, azaz\u00a0Ferencv\u00e1rosi Torna Club. 1938-ban, amikor az FTC labdar\u00fag\u00f3ja lett, sz\u00edv\u00e9be kit\u00f6r\u00f6lhetetlen\u00fcl bele\u00e9gett ennek a klubnak a felt\u00e9tel &hellip; Egy kattint\u00e1s ide a folytat\u00e1shoz.... &rarr;\" \/>\n<meta property=\"og:url\" content=\"https:\/\/rudasrend.hu\/?page_id=68\" \/>\n<meta property=\"og:site_name\" content=\"Rudas-rend\" \/>\n<meta property=\"og:image\" content=\"https:\/\/rudasrend.hu\/wp-content\/uploads\/2023\/07\/image.png\" \/>\n<meta name=\"twitter:card\" content=\"summary_large_image\" \/>\n<meta name=\"twitter:label1\" content=\"Becs\u00fclt olvas\u00e1si id\u0151\" \/>\n\t<meta name=\"twitter:data1\" content=\"3 perc\" \/>\n<script type=\"application\/ld+json\" class=\"yoast-schema-graph\">{\"@context\":\"https:\/\/schema.org\",\"@graph\":[{\"@type\":\"WebPage\",\"@id\":\"https:\/\/rudasrend.hu\/?page_id=68\",\"url\":\"https:\/\/rudasrend.hu\/?page_id=68\",\"name\":\"Az alap\u00edt\u00f3r\u00f3l - Rudas-rend\",\"isPartOf\":{\"@id\":\"https:\/\/rudasrend.hu\/#website\"},\"primaryImageOfPage\":{\"@id\":\"https:\/\/rudasrend.hu\/?page_id=68#primaryimage\"},\"image\":{\"@id\":\"https:\/\/rudasrend.hu\/?page_id=68#primaryimage\"},\"thumbnailUrl\":\"https:\/\/rudasrend.hu\/wp-content\/uploads\/2023\/07\/image.png\",\"datePublished\":\"2023-07-08T11:51:19+00:00\",\"breadcrumb\":{\"@id\":\"https:\/\/rudasrend.hu\/?page_id=68#breadcrumb\"},\"inLanguage\":\"hu\",\"potentialAction\":[{\"@type\":\"ReadAction\",\"target\":[\"https:\/\/rudasrend.hu\/?page_id=68\"]}]},{\"@type\":\"ImageObject\",\"inLanguage\":\"hu\",\"@id\":\"https:\/\/rudasrend.hu\/?page_id=68#primaryimage\",\"url\":\"https:\/\/rudasrend.hu\/wp-content\/uploads\/2023\/07\/image.png\",\"contentUrl\":\"https:\/\/rudasrend.hu\/wp-content\/uploads\/2023\/07\/image.png\"},{\"@type\":\"BreadcrumbList\",\"@id\":\"https:\/\/rudasrend.hu\/?page_id=68#breadcrumb\",\"itemListElement\":[{\"@type\":\"ListItem\",\"position\":1,\"name\":\"Home\",\"item\":\"https:\/\/rudasrend.hu\/\"},{\"@type\":\"ListItem\",\"position\":2,\"name\":\"Az alap\u00edt\u00f3r\u00f3l\"}]},{\"@type\":\"WebSite\",\"@id\":\"https:\/\/rudasrend.hu\/#website\",\"url\":\"https:\/\/rudasrend.hu\/\",\"name\":\"Rudas-rend\",\"description\":\"\",\"potentialAction\":[{\"@type\":\"SearchAction\",\"target\":{\"@type\":\"EntryPoint\",\"urlTemplate\":\"https:\/\/rudasrend.hu\/?s={search_term_string}\"},\"query-input\":{\"@type\":\"PropertyValueSpecification\",\"valueRequired\":true,\"valueName\":\"search_term_string\"}}],\"inLanguage\":\"hu\"}]}<\/script>\n<!-- \/ Yoast SEO plugin. -->","yoast_head_json":{"title":"Az alap\u00edt\u00f3r\u00f3l - Rudas-rend","robots":{"index":"index","follow":"follow","max-snippet":"max-snippet:-1","max-image-preview":"max-image-preview:large","max-video-preview":"max-video-preview:-1"},"canonical":"https:\/\/rudasrend.hu\/?page_id=68","og_locale":"hu_HU","og_type":"article","og_title":"Az alap\u00edt\u00f3r\u00f3l - Rudas-rend","og_description":"Rudas Ferenc\u00a0emberi l\u00e9pt\u00e9kkel m\u00e9rve kiv\u00e9telesen hossz\u00fa, esem\u00e9nyekben, eredm\u00e9nyekben, sikerekben rendk\u00edv\u00fcl gazdag \u00e9letet \u00e9lt meg. Olyan \u00e9letet, amelyet 78 esztend\u0151n kereszt\u00fcl \u00e1tsz\u0151tt h\u00e1rom bet\u0171:\u00a0FTC, azaz\u00a0Ferencv\u00e1rosi Torna Club. 1938-ban, amikor az FTC labdar\u00fag\u00f3ja lett, sz\u00edv\u00e9be kit\u00f6r\u00f6lhetetlen\u00fcl bele\u00e9gett ennek a klubnak a felt\u00e9tel &hellip; Egy kattint\u00e1s ide a folytat\u00e1shoz.... &rarr;","og_url":"https:\/\/rudasrend.hu\/?page_id=68","og_site_name":"Rudas-rend","og_image":[{"url":"https:\/\/rudasrend.hu\/wp-content\/uploads\/2023\/07\/image.png","type":"","width":"","height":""}],"twitter_card":"summary_large_image","twitter_misc":{"Becs\u00fclt olvas\u00e1si id\u0151":"3 perc"},"schema":{"@context":"https:\/\/schema.org","@graph":[{"@type":"WebPage","@id":"https:\/\/rudasrend.hu\/?page_id=68","url":"https:\/\/rudasrend.hu\/?page_id=68","name":"Az alap\u00edt\u00f3r\u00f3l - Rudas-rend","isPartOf":{"@id":"https:\/\/rudasrend.hu\/#website"},"primaryImageOfPage":{"@id":"https:\/\/rudasrend.hu\/?page_id=68#primaryimage"},"image":{"@id":"https:\/\/rudasrend.hu\/?page_id=68#primaryimage"},"thumbnailUrl":"https:\/\/rudasrend.hu\/wp-content\/uploads\/2023\/07\/image.png","datePublished":"2023-07-08T11:51:19+00:00","breadcrumb":{"@id":"https:\/\/rudasrend.hu\/?page_id=68#breadcrumb"},"inLanguage":"hu","potentialAction":[{"@type":"ReadAction","target":["https:\/\/rudasrend.hu\/?page_id=68"]}]},{"@type":"ImageObject","inLanguage":"hu","@id":"https:\/\/rudasrend.hu\/?page_id=68#primaryimage","url":"https:\/\/rudasrend.hu\/wp-content\/uploads\/2023\/07\/image.png","contentUrl":"https:\/\/rudasrend.hu\/wp-content\/uploads\/2023\/07\/image.png"},{"@type":"BreadcrumbList","@id":"https:\/\/rudasrend.hu\/?page_id=68#breadcrumb","itemListElement":[{"@type":"ListItem","position":1,"name":"Home","item":"https:\/\/rudasrend.hu\/"},{"@type":"ListItem","position":2,"name":"Az alap\u00edt\u00f3r\u00f3l"}]},{"@type":"WebSite","@id":"https:\/\/rudasrend.hu\/#website","url":"https:\/\/rudasrend.hu\/","name":"Rudas-rend","description":"","potentialAction":[{"@type":"SearchAction","target":{"@type":"EntryPoint","urlTemplate":"https:\/\/rudasrend.hu\/?s={search_term_string}"},"query-input":{"@type":"PropertyValueSpecification","valueRequired":true,"valueName":"search_term_string"}}],"inLanguage":"hu"}]}},"_links":{"self":[{"href":"https:\/\/rudasrend.hu\/index.php?rest_route=\/wp\/v2\/pages\/68","targetHints":{"allow":["GET"]}}],"collection":[{"href":"https:\/\/rudasrend.hu\/index.php?rest_route=\/wp\/v2\/pages"}],"about":[{"href":"https:\/\/rudasrend.hu\/index.php?rest_route=\/wp\/v2\/types\/page"}],"author":[{"embeddable":true,"href":"https:\/\/rudasrend.hu\/index.php?rest_route=\/wp\/v2\/users\/1"}],"replies":[{"embeddable":true,"href":"https:\/\/rudasrend.hu\/index.php?rest_route=%2Fwp%2Fv2%2Fcomments&post=68"}],"version-history":[{"count":1,"href":"https:\/\/rudasrend.hu\/index.php?rest_route=\/wp\/v2\/pages\/68\/revisions"}],"predecessor-version":[{"id":71,"href":"https:\/\/rudasrend.hu\/index.php?rest_route=\/wp\/v2\/pages\/68\/revisions\/71"}],"wp:attachment":[{"href":"https:\/\/rudasrend.hu\/index.php?rest_route=%2Fwp%2Fv2%2Fmedia&parent=68"}],"curies":[{"name":"wp","href":"https:\/\/api.w.org\/{rel}","templated":true}]}}