{"id":82,"date":"2023-07-08T14:17:28","date_gmt":"2023-07-08T12:17:28","guid":{"rendered":"https:\/\/rudasrend.hu\/?page_id=82"},"modified":"2023-07-08T15:08:01","modified_gmt":"2023-07-08T13:08:01","slug":"2022-julius-29","status":"publish","type":"page","link":"https:\/\/rudasrend.hu\/?page_id=82","title":{"rendered":"2022.07.29."},"content":{"rendered":"\n<p>Az \u00f6sszej\u00f6vetel rendhagy\u00f3 helysz\u00ednen, a Gundel \u00e9tteremben volt, ahol a Rend a tagjai k\u00f6z\u00e9 avatta a <strong>Hor\u00e1nyi Ervin<\/strong> elhunyta ut\u00e1n a hely\u00e9re v\u00e1lasztott<strong> Eperjes K\u00e1roly<\/strong> sz\u00ednm\u0171v\u00e9szt.<\/p>\n\n\n\n<figure class=\"wp-block-embed is-type-rich is-provider-beagyazas-kezelo wp-block-embed-beagyazas-kezelo wp-embed-aspect-16-9 wp-has-aspect-ratio\"><div class=\"wp-block-embed__wrapper\">\n<iframe loading=\"lazy\" title=\"FM | Rendhagy\u00f3 \u00f6sszej\u00f6vetel: \u00faj taggal b\u0151v\u00fclt a Rudas-rend! | 2022.08.06.\" width=\"584\" height=\"329\" src=\"https:\/\/www.youtube.com\/embed\/zCJtIPS6NlY?feature=oembed\" frameborder=\"0\" allow=\"accelerometer; autoplay; clipboard-write; encrypted-media; gyroscope; picture-in-picture; web-share\" referrerpolicy=\"strict-origin-when-cross-origin\" allowfullscreen><\/iframe>\n<\/div><\/figure>\n","protected":false},"excerpt":{"rendered":"<p>Az \u00f6sszej\u00f6vetel rendhagy\u00f3 helysz\u00ednen, a Gundel \u00e9tteremben volt, ahol a Rend a tagjai k\u00f6z\u00e9 avatta a Hor\u00e1nyi Ervin elhunyta ut\u00e1n a hely\u00e9re v\u00e1lasztott Eperjes K\u00e1roly sz\u00ednm\u0171v\u00e9szt.<\/p>\n","protected":false},"author":1,"featured_media":0,"parent":72,"menu_order":6,"comment_status":"closed","ping_status":"closed","template":"","meta":{"_monsterinsights_skip_tracking":false,"_monsterinsights_sitenote_active":false,"_monsterinsights_sitenote_note":"","_monsterinsights_sitenote_category":0,"footnotes":""},"class_list":["post-82","page","type-page","status-publish","hentry"],"yoast_head":"<!-- This site is optimized with the Yoast SEO plugin v26.7 - https:\/\/yoast.com\/wordpress\/plugins\/seo\/ -->\n<title>2022.07.29. - Rudas-rend<\/title>\n<meta name=\"robots\" content=\"index, follow, max-snippet:-1, max-image-preview:large, max-video-preview:-1\" \/>\n<link rel=\"canonical\" href=\"https:\/\/rudasrend.hu\/?page_id=82\" \/>\n<meta property=\"og:locale\" content=\"hu_HU\" \/>\n<meta property=\"og:type\" content=\"article\" \/>\n<meta property=\"og:title\" content=\"2022.07.29. - Rudas-rend\" \/>\n<meta property=\"og:description\" content=\"Az \u00f6sszej\u00f6vetel rendhagy\u00f3 helysz\u00ednen, a Gundel \u00e9tteremben volt, ahol a Rend a tagjai k\u00f6z\u00e9 avatta a Hor\u00e1nyi Ervin elhunyta ut\u00e1n a hely\u00e9re v\u00e1lasztott Eperjes K\u00e1roly sz\u00ednm\u0171v\u00e9szt.\" \/>\n<meta property=\"og:url\" content=\"https:\/\/rudasrend.hu\/?page_id=82\" \/>\n<meta property=\"og:site_name\" content=\"Rudas-rend\" \/>\n<meta property=\"article:modified_time\" content=\"2023-07-08T13:08:01+00:00\" \/>\n<meta name=\"twitter:card\" content=\"summary_large_image\" \/>\n<meta name=\"twitter:label1\" content=\"Becs\u00fclt olvas\u00e1si id\u0151\" \/>\n\t<meta name=\"twitter:data1\" content=\"1 perc\" \/>\n<script type=\"application\/ld+json\" class=\"yoast-schema-graph\">{\"@context\":\"https:\/\/schema.org\",\"@graph\":[{\"@type\":\"WebPage\",\"@id\":\"https:\/\/rudasrend.hu\/?page_id=82\",\"url\":\"https:\/\/rudasrend.hu\/?page_id=82\",\"name\":\"2022.07.29. - Rudas-rend\",\"isPartOf\":{\"@id\":\"https:\/\/rudasrend.hu\/#website\"},\"datePublished\":\"2023-07-08T12:17:28+00:00\",\"dateModified\":\"2023-07-08T13:08:01+00:00\",\"breadcrumb\":{\"@id\":\"https:\/\/rudasrend.hu\/?page_id=82#breadcrumb\"},\"inLanguage\":\"hu\",\"potentialAction\":[{\"@type\":\"ReadAction\",\"target\":[\"https:\/\/rudasrend.hu\/?page_id=82\"]}]},{\"@type\":\"BreadcrumbList\",\"@id\":\"https:\/\/rudasrend.hu\/?page_id=82#breadcrumb\",\"itemListElement\":[{\"@type\":\"ListItem\",\"position\":1,\"name\":\"Home\",\"item\":\"https:\/\/rudasrend.hu\/\"},{\"@type\":\"ListItem\",\"position\":2,\"name\":\"Tal\u00e1lkoz\u00f3k\",\"item\":\"https:\/\/rudasrend.hu\/?page_id=72\"},{\"@type\":\"ListItem\",\"position\":3,\"name\":\"2022.07.29.\"}]},{\"@type\":\"WebSite\",\"@id\":\"https:\/\/rudasrend.hu\/#website\",\"url\":\"https:\/\/rudasrend.hu\/\",\"name\":\"Rudas-rend\",\"description\":\"\",\"potentialAction\":[{\"@type\":\"SearchAction\",\"target\":{\"@type\":\"EntryPoint\",\"urlTemplate\":\"https:\/\/rudasrend.hu\/?s={search_term_string}\"},\"query-input\":{\"@type\":\"PropertyValueSpecification\",\"valueRequired\":true,\"valueName\":\"search_term_string\"}}],\"inLanguage\":\"hu\"}]}<\/script>\n<!-- \/ Yoast SEO plugin. -->","yoast_head_json":{"title":"2022.07.29. - Rudas-rend","robots":{"index":"index","follow":"follow","max-snippet":"max-snippet:-1","max-image-preview":"max-image-preview:large","max-video-preview":"max-video-preview:-1"},"canonical":"https:\/\/rudasrend.hu\/?page_id=82","og_locale":"hu_HU","og_type":"article","og_title":"2022.07.29. - Rudas-rend","og_description":"Az \u00f6sszej\u00f6vetel rendhagy\u00f3 helysz\u00ednen, a Gundel \u00e9tteremben volt, ahol a Rend a tagjai k\u00f6z\u00e9 avatta a Hor\u00e1nyi Ervin elhunyta ut\u00e1n a hely\u00e9re v\u00e1lasztott Eperjes K\u00e1roly sz\u00ednm\u0171v\u00e9szt.","og_url":"https:\/\/rudasrend.hu\/?page_id=82","og_site_name":"Rudas-rend","article_modified_time":"2023-07-08T13:08:01+00:00","twitter_card":"summary_large_image","twitter_misc":{"Becs\u00fclt olvas\u00e1si id\u0151":"1 perc"},"schema":{"@context":"https:\/\/schema.org","@graph":[{"@type":"WebPage","@id":"https:\/\/rudasrend.hu\/?page_id=82","url":"https:\/\/rudasrend.hu\/?page_id=82","name":"2022.07.29. - Rudas-rend","isPartOf":{"@id":"https:\/\/rudasrend.hu\/#website"},"datePublished":"2023-07-08T12:17:28+00:00","dateModified":"2023-07-08T13:08:01+00:00","breadcrumb":{"@id":"https:\/\/rudasrend.hu\/?page_id=82#breadcrumb"},"inLanguage":"hu","potentialAction":[{"@type":"ReadAction","target":["https:\/\/rudasrend.hu\/?page_id=82"]}]},{"@type":"BreadcrumbList","@id":"https:\/\/rudasrend.hu\/?page_id=82#breadcrumb","itemListElement":[{"@type":"ListItem","position":1,"name":"Home","item":"https:\/\/rudasrend.hu\/"},{"@type":"ListItem","position":2,"name":"Tal\u00e1lkoz\u00f3k","item":"https:\/\/rudasrend.hu\/?page_id=72"},{"@type":"ListItem","position":3,"name":"2022.07.29."}]},{"@type":"WebSite","@id":"https:\/\/rudasrend.hu\/#website","url":"https:\/\/rudasrend.hu\/","name":"Rudas-rend","description":"","potentialAction":[{"@type":"SearchAction","target":{"@type":"EntryPoint","urlTemplate":"https:\/\/rudasrend.hu\/?s={search_term_string}"},"query-input":{"@type":"PropertyValueSpecification","valueRequired":true,"valueName":"search_term_string"}}],"inLanguage":"hu"}]}},"_links":{"self":[{"href":"https:\/\/rudasrend.hu\/index.php?rest_route=\/wp\/v2\/pages\/82","targetHints":{"allow":["GET"]}}],"collection":[{"href":"https:\/\/rudasrend.hu\/index.php?rest_route=\/wp\/v2\/pages"}],"about":[{"href":"https:\/\/rudasrend.hu\/index.php?rest_route=\/wp\/v2\/types\/page"}],"author":[{"embeddable":true,"href":"https:\/\/rudasrend.hu\/index.php?rest_route=\/wp\/v2\/users\/1"}],"replies":[{"embeddable":true,"href":"https:\/\/rudasrend.hu\/index.php?rest_route=%2Fwp%2Fv2%2Fcomments&post=82"}],"version-history":[{"count":4,"href":"https:\/\/rudasrend.hu\/index.php?rest_route=\/wp\/v2\/pages\/82\/revisions"}],"predecessor-version":[{"id":91,"href":"https:\/\/rudasrend.hu\/index.php?rest_route=\/wp\/v2\/pages\/82\/revisions\/91"}],"up":[{"embeddable":true,"href":"https:\/\/rudasrend.hu\/index.php?rest_route=\/wp\/v2\/pages\/72"}],"wp:attachment":[{"href":"https:\/\/rudasrend.hu\/index.php?rest_route=%2Fwp%2Fv2%2Fmedia&parent=82"}],"curies":[{"name":"wp","href":"https:\/\/api.w.org\/{rel}","templated":true}]}}